{"id":2,"date":"2017-11-14T22:12:58","date_gmt":"2017-11-14T22:12:58","guid":{"rendered":"http:\/\/inserch.ch\/?page_id=2"},"modified":"2026-02-11T09:44:36","modified_gmt":"2026-02-11T09:44:36","slug":"inserch","status":"publish","type":"page","link":"http:\/\/inserch.ch\/","title":{"rendered":"Pr\u00e9sentation"},"content":{"rendered":"<div class=\"container-fluid\">\n<p><strong>L&rsquo;enqu\u00eate INSERCH<\/strong> aborde le processus d\u2019insertion professionnelle des dipl\u00f4m\u00e9<em>\u00b7<\/em>e<em>\u00b7<\/em>s en enseignement pendant la phase de transition entre la formation et la pratique professionnelle, ainsi que pendant les premi\u00e8res ann\u00e9es d\u2019activit\u00e9 en tant qu\u2019enseignant<em>\u00b7<\/em>e. Elle est reconduite annuellement aupr\u00e8s des nouveaux et nouvelles dipl\u00f4m\u00e9<em>\u00b7<\/em>e<em>\u00b7<\/em>s des instituts de formation \u00e0 l\u2019enseignement des HEP romandes (HEPFR, HEP\u2010BEJUNE, HEPVD, HEP\u2010VS), du Tessin (SUSPI), de l\u2019IUFE (UNIGE) et du CERF (UNIFR). Deux facettes importantes de l\u2019insertion professionnelle sont couvertes: la <strong>qualit\u00e9 de l\u2019insertion<\/strong> et les <strong>apports de la formation initiale<\/strong>.<\/p>\n<p>La d\u00e9marche consiste \u00e0 interroger les dipl\u00f4m\u00e9<em>\u00b7<\/em>e<em>\u00b7<\/em>s un an, puis trois ans apr\u00e8s l\u2019obtention de leur dipl\u00f4me pour conna\u00eetre leurs situations professionnelles, leurs parcours de formation, leurs exp\u00e9riences professionnelles, leurs bilans de la formation initiale et les d\u00e9marches effectu\u00e9es pour obtenir un poste.<\/p>\n<p><strong>Le questionnaire INSERCH<\/strong> vise la r\u00e9colte de donn\u00e9es permettant de :<br \/>1. d\u00e9crire les conditions d&#8217;emploi des nouveaux et nouvelles dipl\u00f4m\u00e9<em>\u00b7<\/em>e<em>\u00b7<\/em>s ainsi que les principaux probl\u00e8mes rencontr\u00e9s<br \/>2. r\u00e9pertorier les strat\u00e9gies d\u2019insertion professionnelle adopt\u00e9es par les dipl\u00f4m\u00e9<em>\u00b7<\/em>e<em>\u00b7<\/em>s, ainsi que leur impact sur le succ\u00e8s de l\u2019insertion et<br \/>3. identifier les forces et les faiblesses de la formation \u00e0 l\u2019enseignement dispens\u00e9e par les instituts de formation \u00e0 l\u2019enseignement ainsi que les besoins de formation continue exprim\u00e9s par les dipl\u00f4m\u00e9<em>\u00b7<\/em>e<em>\u00b7<\/em>s.<\/p>\n<p><strong>Les donn\u00e9es r\u00e9colt\u00e9es dans l\u2019enqu\u00eate INSERCH<\/strong> servent \u00e0 la recherche, au sein des institutions concern\u00e9es, ainsi qu\u2019au monitoring institutionnel. Il s\u2019agit ensuite de mettre en lien certaines de ces informations entre elles (par exemple pour conna\u00eetre l\u2019impact des stages sur l\u2019insertion professionnelle).<\/p>\n<\/div>\n<p><img loading=\"lazy\" decoding=\"async\" class=\"alignnone wp-image-92\" src=\"http:\/\/inserch.ch\/wp-content\/uploads\/2017\/11\/logo_supsi-300x86.png\" alt=\"\" width=\"222\" height=\"72\" \/> \u00a0 <img loading=\"lazy\" decoding=\"async\" class=\"alignnone  wp-image-246\" src=\"http:\/\/inserch.ch\/wp-content\/uploads\/2022\/08\/Image1.png\" alt=\"\" width=\"149\" height=\"84\" \/><br \/><img loading=\"lazy\" decoding=\"async\" class=\"alignnone wp-image-89\" src=\"http:\/\/inserch.ch\/wp-content\/uploads\/2017\/11\/logo-hep-vs.png\" alt=\"\" width=\"236\" height=\"94\" \/>\u00a0<img loading=\"lazy\" decoding=\"async\" class=\"alignnone wp-image-87\" src=\"http:\/\/inserch.ch\/wp-content\/uploads\/2017\/11\/logo-bleu-noir-hep-vaud-300x94.jpg\" alt=\"\" width=\"276\" height=\"95\" \/>\u00a0 <img loading=\"lazy\" decoding=\"async\" class=\"alignnone wp-image-86\" src=\"http:\/\/inserch.ch\/wp-content\/uploads\/2017\/11\/logo_iufe-300x128.png\" alt=\"\" width=\"231\" height=\"104\" \/> <img loading=\"lazy\" decoding=\"async\" class=\"alignnone wp-image-85\" src=\"http:\/\/inserch.ch\/wp-content\/uploads\/2017\/11\/logo-unifr.jpg\" alt=\"\" width=\"149\" height=\"104\" \/><\/p>\n\n\n<p><\/p>\n","protected":false},"excerpt":{"rendered":"<p>L&rsquo;enqu\u00eate INSERCH aborde le processus d\u2019insertion professionnelle des dipl\u00f4m\u00e9\u00b7e\u00b7s en enseignement pendant la phase de transition entre la formation et la pratique professionnelle, ainsi que pendant les premi\u00e8res ann\u00e9es d\u2019activit\u00e9 en tant qu\u2019enseignant\u00b7e. Elle est reconduite annuellement aupr\u00e8s des nouveaux &hellip; <a href=\"http:\/\/inserch.ch\/\">Continuer la lecture <span class=\"meta-nav\">&rarr;<\/span><\/a><\/p>\n<div class='the_champ_sharing_container the_champ_vertical_sharing the_champ_hide_sharing the_champ_bottom_sharing' style='width:24px;left: -10px;top: 100px;-webkit-box-shadow:none;box-shadow:none;' data-super-socializer-href=\"http:\/\/inserch.ch\/index.php\/wp-json\/wp\/v2\/pages\/2\"><div class=\"the_champ_sharing_ul\"><a aria-label=\"Facebook\" class=\"the_champ_facebook\" href=\"https:\/\/www.facebook.com\/sharer\/sharer.php?u=http%3A%2F%2Finserch.ch%2Findex.php%2Fwp-json%2Fwp%2Fv2%2Fpages%2F2\" title=\"Facebook\" rel=\"nofollow noopener\" target=\"_blank\" style=\"font-size:24px!important;box-shadow:none;display:inline-block;vertical-align:middle\"><span class=\"the_champ_svg\" style=\"background-color:#0765FE;width:20px;height:20px;margin:0;display:inline-block;opacity:1;float:left;font-size:24px;box-shadow:none;display:inline-block;font-size:16px;padding:0 4px;vertical-align:middle;background-repeat:repeat;overflow:hidden;padding:0;cursor:pointer;box-sizing:content-box\"><svg style=\"display:block;\" focusable=\"false\" aria-hidden=\"true\" xmlns=\"http:\/\/www.w3.org\/2000\/svg\" width=\"100%\" height=\"100%\" viewBox=\"0 0 32 32\"><path fill=\"#fff\" d=\"M28 16c0-6.627-5.373-12-12-12S4 9.373 4 16c0 5.628 3.875 10.35 9.101 11.647v-7.98h-2.474V16H13.1v-1.58c0-4.085 1.849-5.978 5.859-5.978.76 0 2.072.15 2.608.298v3.325c-.283-.03-.775-.045-1.386-.045-1.967 0-2.728.745-2.728 2.683V16h3.92l-.673 3.667h-3.247v8.245C23.395 27.195 28 22.135 28 16Z\"><\/path><\/svg><\/span><\/a><a aria-label=\"Twitter\" class=\"the_champ_button_twitter\" href=\"https:\/\/twitter.com\/intent\/tweet?text=INSERCH%20-%20Enqu%C3%AAte%20interinstitutionnelle%20sur%20l%E2%80%99insertion%20professionnelle%20des%20nouvelles%20et%20nouveaux%20dipl%C3%B4m%C3%A9%C2%B7e%C2%B7s%20en%20enseignement&url=http%3A%2F%2Finserch.ch%2Findex.php%2Fwp-json%2Fwp%2Fv2%2Fpages%2F2\" title=\"Twitter\" rel=\"nofollow noopener\" target=\"_blank\" style=\"font-size:24px!important;box-shadow:none;display:inline-block;vertical-align:middle\"><span class=\"the_champ_svg the_champ_s__default the_champ_s_twitter\" style=\"background-color:#55acee;width:20px;height:20px;margin:0;display:inline-block;opacity:1;float:left;font-size:24px;box-shadow:none;display:inline-block;font-size:16px;padding:0 4px;vertical-align:middle;background-repeat:repeat;overflow:hidden;padding:0;cursor:pointer;box-sizing:content-box\"><svg style=\"display:block;\" focusable=\"false\" aria-hidden=\"true\" xmlns=\"http:\/\/www.w3.org\/2000\/svg\" width=\"100%\" height=\"100%\" viewBox=\"-4 -4 39 39\"><path d=\"M28 8.557a9.913 9.913 0 0 1-2.828.775 4.93 4.93 0 0 0 2.166-2.725 9.738 9.738 0 0 1-3.13 1.194 4.92 4.92 0 0 0-3.593-1.55 4.924 4.924 0 0 0-4.794 6.049c-4.09-.21-7.72-2.17-10.15-5.15a4.942 4.942 0 0 0-.665 2.477c0 1.71.87 3.214 2.19 4.1a4.968 4.968 0 0 1-2.23-.616v.06c0 2.39 1.7 4.38 3.952 4.83-.414.115-.85.174-1.297.174-.318 0-.626-.03-.928-.086a4.935 4.935 0 0 0 4.6 3.42 9.893 9.893 0 0 1-6.114 2.107c-.398 0-.79-.023-1.175-.068a13.953 13.953 0 0 0 7.55 2.213c9.056 0 14.01-7.507 14.01-14.013 0-.213-.005-.426-.015-.637.96-.695 1.795-1.56 2.455-2.55z\" fill=\"#fff\"><\/path><\/svg><\/span><\/a><a aria-label=\"Linkedin\" class=\"the_champ_button_linkedin\" href=\"https:\/\/www.linkedin.com\/sharing\/share-offsite\/?url=http%3A%2F%2Finserch.ch%2Findex.php%2Fwp-json%2Fwp%2Fv2%2Fpages%2F2\" title=\"Linkedin\" rel=\"nofollow noopener\" target=\"_blank\" style=\"font-size:24px!important;box-shadow:none;display:inline-block;vertical-align:middle\"><span class=\"the_champ_svg the_champ_s__default the_champ_s_linkedin\" style=\"background-color:#0077b5;width:20px;height:20px;margin:0;display:inline-block;opacity:1;float:left;font-size:24px;box-shadow:none;display:inline-block;font-size:16px;padding:0 4px;vertical-align:middle;background-repeat:repeat;overflow:hidden;padding:0;cursor:pointer;box-sizing:content-box\"><svg style=\"display:block;\" focusable=\"false\" aria-hidden=\"true\" xmlns=\"http:\/\/www.w3.org\/2000\/svg\" width=\"100%\" height=\"100%\" viewBox=\"0 0 32 32\"><path d=\"M6.227 12.61h4.19v13.48h-4.19V12.61zm2.095-6.7a2.43 2.43 0 0 1 0 4.86c-1.344 0-2.428-1.09-2.428-2.43s1.084-2.43 2.428-2.43m4.72 6.7h4.02v1.84h.058c.56-1.058 1.927-2.176 3.965-2.176 4.238 0 5.02 2.792 5.02 6.42v7.395h-4.183v-6.56c0-1.564-.03-3.574-2.178-3.574-2.18 0-2.514 1.7-2.514 3.46v6.668h-4.187V12.61z\" fill=\"#fff\"><\/path><\/svg><\/span><\/a><a aria-label=\"Whatsapp\" class=\"the_champ_whatsapp\" href=\"https:\/\/api.whatsapp.com\/send?text=INSERCH%20-%20Enqu%C3%AAte%20interinstitutionnelle%20sur%20l%E2%80%99insertion%20professionnelle%20des%20nouvelles%20et%20nouveaux%20dipl%C3%B4m%C3%A9%C2%B7e%C2%B7s%20en%20enseignement http%3A%2F%2Finserch.ch%2Findex.php%2Fwp-json%2Fwp%2Fv2%2Fpages%2F2\" title=\"Whatsapp\" rel=\"nofollow noopener\" target=\"_blank\" style=\"font-size:24px!important;box-shadow:none;display:inline-block;vertical-align:middle\"><span class=\"the_champ_svg\" style=\"background-color:#55eb4c;width:20px;height:20px;margin:0;display:inline-block;opacity:1;float:left;font-size:24px;box-shadow:none;display:inline-block;font-size:16px;padding:0 4px;vertical-align:middle;background-repeat:repeat;overflow:hidden;padding:0;cursor:pointer;box-sizing:content-box\"><svg style=\"display:block;\" focusable=\"false\" aria-hidden=\"true\" xmlns=\"http:\/\/www.w3.org\/2000\/svg\" width=\"100%\" height=\"100%\" viewBox=\"-6 -5 40 40\"><path class=\"the_champ_svg_stroke the_champ_no_fill\" stroke=\"#fff\" stroke-width=\"2\" fill=\"none\" d=\"M 11.579798566743314 24.396926207859085 A 10 10 0 1 0 6.808479557110079 20.73576436351046\"><\/path><path d=\"M 7 19 l -1 6 l 6 -1\" class=\"the_champ_no_fill the_champ_svg_stroke\" stroke=\"#fff\" stroke-width=\"2\" fill=\"none\"><\/path><path d=\"M 10 10 q -1 8 8 11 c 5 -1 0 -6 -1 -3 q -4 -3 -5 -5 c 4 -2 -1 -5 -1 -4\" fill=\"#fff\"><\/path><\/svg><\/span><\/a><a class=\"the_champ_more\" title=\"More\" rel=\"nofollow noopener\" style=\"font-size:24px!important;border:0;box-shadow:none;display:inline-block!important;font-size:16px;padding:0 4px;vertical-align: middle;display:inline;\" href=\"http:\/\/inserch.ch\/index.php\/wp-json\/wp\/v2\/pages\/2\" onclick=\"event.preventDefault()\"><span class=\"the_champ_svg\" style=\"background-color:#ee8e2d;width:20px;height:20px;margin:0;display:inline-block!important;opacity:1;float:left;font-size:32px!important;box-shadow:none;display:inline-block;font-size:16px;padding:0 4px;vertical-align:middle;display:inline;background-repeat:repeat;overflow:hidden;padding:0;cursor:pointer;box-sizing:content-box;\" onclick=\"theChampMoreSharingPopup(this, 'http:\/\/inserch.ch\/index.php\/wp-json\/wp\/v2\/pages\/2', 'INSERCH%20-%20Enqu%C3%AAte%20interinstitutionnelle%20sur%20l%E2%80%99insertion%20professionnelle%20des%20nouvelles%20et%20nouveaux%20dipl%C3%B4m%C3%A9%C2%B7e%C2%B7s%20en%20enseignement', '' )\"><svg xmlns=\"http:\/\/www.w3.org\/2000\/svg\" xmlns:xlink=\"http:\/\/www.w3.org\/1999\/xlink\" viewBox=\"-.3 0 32 32\" version=\"1.1\" width=\"100%\" height=\"100%\" style=\"display:block;\" xml:space=\"preserve\"><g><path fill=\"#fff\" d=\"M18 14V8h-4v6H8v4h6v6h4v-6h6v-4h-6z\" fill-rule=\"evenodd\"><\/path><\/g><\/svg><\/span><\/a><\/div><\/div>","protected":false},"author":1,"featured_media":0,"parent":0,"menu_order":1,"comment_status":"closed","ping_status":"closed","template":"","meta":{"footnotes":""},"class_list":["post-2","page","type-page","status-publish","hentry"],"_links":{"self":[{"href":"http:\/\/inserch.ch\/index.php\/wp-json\/wp\/v2\/pages\/2","targetHints":{"allow":["GET"]}}],"collection":[{"href":"http:\/\/inserch.ch\/index.php\/wp-json\/wp\/v2\/pages"}],"about":[{"href":"http:\/\/inserch.ch\/index.php\/wp-json\/wp\/v2\/types\/page"}],"author":[{"embeddable":true,"href":"http:\/\/inserch.ch\/index.php\/wp-json\/wp\/v2\/users\/1"}],"replies":[{"embeddable":true,"href":"http:\/\/inserch.ch\/index.php\/wp-json\/wp\/v2\/comments?post=2"}],"version-history":[{"count":39,"href":"http:\/\/inserch.ch\/index.php\/wp-json\/wp\/v2\/pages\/2\/revisions"}],"predecessor-version":[{"id":367,"href":"http:\/\/inserch.ch\/index.php\/wp-json\/wp\/v2\/pages\/2\/revisions\/367"}],"wp:attachment":[{"href":"http:\/\/inserch.ch\/index.php\/wp-json\/wp\/v2\/media?parent=2"}],"curies":[{"name":"wp","href":"https:\/\/api.w.org\/{rel}","templated":true}]}}

Présentation

<div class="container-fluid">
<p><strong>L&rsquo;enquête INSERCH</strong> aborde le processus d’insertion professionnelle des diplômé<em>·</em>e<em>·</em>s en enseignement pendant la phase de transition entre la formation et la pratique professionnelle, ainsi que pendant les premières années d’activité en tant qu’enseignant<em>·</em>e. Elle est reconduite annuellement auprès des nouveaux et nouvelles diplômé<em>·</em>e<em>·</em>s des instituts de formation à l’enseignement des HEP romandes (HEPFR, HEP‐BEJUNE, HEPVD, HEP‐VS), du Tessin (SUSPI), de l’IUFE (UNIGE) et du CERF (UNIFR). Deux facettes importantes de l’insertion professionnelle sont couvertes: la <strong>qualité de l’insertion</strong> et les <strong>apports de la formation initiale</strong>.</p>
<p>La démarche consiste à interroger les diplômé<em>·</em>e<em>·</em>s un an, puis trois ans après l’obtention de leur diplôme pour connaître leurs situations professionnelles, leurs parcours de formation, leurs expériences professionnelles, leurs bilans de la formation initiale et les démarches effectuées pour obtenir un poste.</p>
<p><strong>Le questionnaire INSERCH</strong> vise la récolte de données permettant de :<br />1. décrire les conditions d&#8217;emploi des nouveaux et nouvelles diplômé<em>·</em>e<em>·</em>s ainsi que les principaux problèmes rencontrés<br />2. répertorier les stratégies d’insertion professionnelle adoptées par les diplômé<em>·</em>e<em>·</em>s, ainsi que leur impact sur le succès de l’insertion et<br />3. identifier les forces et les faiblesses de la formation à l’enseignement dispensée par les instituts de formation à l’enseignement ainsi que les besoins de formation continue exprimés par les diplômé<em>·</em>e<em>·</em>s.</p>
<p><strong>Les données récoltées dans l’enquête INSERCH</strong> servent à la recherche, au sein des institutions concernées, ainsi qu’au monitoring institutionnel. Il s’agit ensuite de mettre en lien certaines de ces informations entre elles (par exemple pour connaître l’impact des stages sur l’insertion professionnelle).</p>
</div>
<p><img loading="lazy" decoding="async" class="alignnone wp-image-92" src="http://inserch.ch/wp-content/uploads/2017/11/logo_supsi-300x86.png" alt="" width="222" height="72" />   <img loading="lazy" decoding="async" class="alignnone  wp-image-246" src="http://inserch.ch/wp-content/uploads/2022/08/Image1.png" alt="" width="149" height="84" /><br /><img loading="lazy" decoding="async" class="alignnone wp-image-89" src="http://inserch.ch/wp-content/uploads/2017/11/logo-hep-vs.png" alt="" width="236" height="94" /> <img loading="lazy" decoding="async" class="alignnone wp-image-87" src="http://inserch.ch/wp-content/uploads/2017/11/logo-bleu-noir-hep-vaud-300x94.jpg" alt="" width="276" height="95" />  <img loading="lazy" decoding="async" class="alignnone wp-image-86" src="http://inserch.ch/wp-content/uploads/2017/11/logo_iufe-300x128.png" alt="" width="231" height="104" /> <img loading="lazy" decoding="async" class="alignnone wp-image-85" src="http://inserch.ch/wp-content/uploads/2017/11/logo-unifr.jpg" alt="" width="149" height="104" /></p>


<p></p>

<p>L&rsquo;enquête INSERCH aborde le processus d’insertion professionnelle des diplômé·e·s en enseignement pendant la phase de transition entre la formation et la pratique professionnelle, ainsi que pendant les premières années d’activité en tant qu’enseignant·e. Elle est reconduite annuellement auprès des nouveaux &hellip; <a href="http://inserch.ch/">Continuer la lecture <span class="meta-nav">&rarr;</span></a></p>
<div class='the_champ_sharing_container the_champ_vertical_sharing the_champ_hide_sharing the_champ_bottom_sharing' style='width:24px;left: -10px;top: 100px;-webkit-box-shadow:none;box-shadow:none;' data-super-socializer-href="http://inserch.ch/index.php/wp-json/wp/v2/pages/2"><div class="the_champ_sharing_ul"><a aria-label="Facebook" class="the_champ_facebook" href="https://www.facebook.com/sharer/sharer.php?u=http%3A%2F%2Finserch.ch%2Findex.php%2Fwp-json%2Fwp%2Fv2%2Fpages%2F2" title="Facebook" rel="nofollow noopener" target="_blank" style="font-size:24px!important;box-shadow:none;display:inline-block;vertical-align:middle"><span class="the_champ_svg" style="background-color:#0765FE;width:20px;height:20px;margin:0;display:inline-block;opacity:1;float:left;font-size:24px;box-shadow:none;display:inline-block;font-size:16px;padding:0 4px;vertical-align:middle;background-repeat:repeat;overflow:hidden;padding:0;cursor:pointer;box-sizing:content-box"><svg style="display:block;" focusable="false" aria-hidden="true" xmlns="http://www.w3.org/2000/svg" width="100%" height="100%" viewBox="0 0 32 32"><path fill="#fff" d="M28 16c0-6.627-5.373-12-12-12S4 9.373 4 16c0 5.628 3.875 10.35 9.101 11.647v-7.98h-2.474V16H13.1v-1.58c0-4.085 1.849-5.978 5.859-5.978.76 0 2.072.15 2.608.298v3.325c-.283-.03-.775-.045-1.386-.045-1.967 0-2.728.745-2.728 2.683V16h3.92l-.673 3.667h-3.247v8.245C23.395 27.195 28 22.135 28 16Z"></path></svg></span></a><a aria-label="Twitter" class="the_champ_button_twitter" href="https://twitter.com/intent/tweet?text=INSERCH%20-%20Enqu%C3%AAte%20interinstitutionnelle%20sur%20l%E2%80%99insertion%20professionnelle%20des%20nouvelles%20et%20nouveaux%20dipl%C3%B4m%C3%A9%C2%B7e%C2%B7s%20en%20enseignement&url=http%3A%2F%2Finserch.ch%2Findex.php%2Fwp-json%2Fwp%2Fv2%2Fpages%2F2" title="Twitter" rel="nofollow noopener" target="_blank" style="font-size:24px!important;box-shadow:none;display:inline-block;vertical-align:middle"><span class="the_champ_svg the_champ_s__default the_champ_s_twitter" style="background-color:#55acee;width:20px;height:20px;margin:0;display:inline-block;opacity:1;float:left;font-size:24px;box-shadow:none;display:inline-block;font-size:16px;padding:0 4px;vertical-align:middle;background-repeat:repeat;overflow:hidden;padding:0;cursor:pointer;box-sizing:content-box"><svg style="display:block;" focusable="false" aria-hidden="true" xmlns="http://www.w3.org/2000/svg" width="100%" height="100%" viewBox="-4 -4 39 39"><path d="M28 8.557a9.913 9.913 0 0 1-2.828.775 4.93 4.93 0 0 0 2.166-2.725 9.738 9.738 0 0 1-3.13 1.194 4.92 4.92 0 0 0-3.593-1.55 4.924 4.924 0 0 0-4.794 6.049c-4.09-.21-7.72-2.17-10.15-5.15a4.942 4.942 0 0 0-.665 2.477c0 1.71.87 3.214 2.19 4.1a4.968 4.968 0 0 1-2.23-.616v.06c0 2.39 1.7 4.38 3.952 4.83-.414.115-.85.174-1.297.174-.318 0-.626-.03-.928-.086a4.935 4.935 0 0 0 4.6 3.42 9.893 9.893 0 0 1-6.114 2.107c-.398 0-.79-.023-1.175-.068a13.953 13.953 0 0 0 7.55 2.213c9.056 0 14.01-7.507 14.01-14.013 0-.213-.005-.426-.015-.637.96-.695 1.795-1.56 2.455-2.55z" fill="#fff"></path></svg></span></a><a aria-label="Linkedin" class="the_champ_button_linkedin" href="https://www.linkedin.com/sharing/share-offsite/?url=http%3A%2F%2Finserch.ch%2Findex.php%2Fwp-json%2Fwp%2Fv2%2Fpages%2F2" title="Linkedin" rel="nofollow noopener" target="_blank" style="font-size:24px!important;box-shadow:none;display:inline-block;vertical-align:middle"><span class="the_champ_svg the_champ_s__default the_champ_s_linkedin" style="background-color:#0077b5;width:20px;height:20px;margin:0;display:inline-block;opacity:1;float:left;font-size:24px;box-shadow:none;display:inline-block;font-size:16px;padding:0 4px;vertical-align:middle;background-repeat:repeat;overflow:hidden;padding:0;cursor:pointer;box-sizing:content-box"><svg style="display:block;" focusable="false" aria-hidden="true" xmlns="http://www.w3.org/2000/svg" width="100%" height="100%" viewBox="0 0 32 32"><path d="M6.227 12.61h4.19v13.48h-4.19V12.61zm2.095-6.7a2.43 2.43 0 0 1 0 4.86c-1.344 0-2.428-1.09-2.428-2.43s1.084-2.43 2.428-2.43m4.72 6.7h4.02v1.84h.058c.56-1.058 1.927-2.176 3.965-2.176 4.238 0 5.02 2.792 5.02 6.42v7.395h-4.183v-6.56c0-1.564-.03-3.574-2.178-3.574-2.18 0-2.514 1.7-2.514 3.46v6.668h-4.187V12.61z" fill="#fff"></path></svg></span></a><a aria-label="Whatsapp" class="the_champ_whatsapp" href="https://api.whatsapp.com/send?text=INSERCH%20-%20Enqu%C3%AAte%20interinstitutionnelle%20sur%20l%E2%80%99insertion%20professionnelle%20des%20nouvelles%20et%20nouveaux%20dipl%C3%B4m%C3%A9%C2%B7e%C2%B7s%20en%20enseignement http%3A%2F%2Finserch.ch%2Findex.php%2Fwp-json%2Fwp%2Fv2%2Fpages%2F2" title="Whatsapp" rel="nofollow noopener" target="_blank" style="font-size:24px!important;box-shadow:none;display:inline-block;vertical-align:middle"><span class="the_champ_svg" style="background-color:#55eb4c;width:20px;height:20px;margin:0;display:inline-block;opacity:1;float:left;font-size:24px;box-shadow:none;display:inline-block;font-size:16px;padding:0 4px;vertical-align:middle;background-repeat:repeat;overflow:hidden;padding:0;cursor:pointer;box-sizing:content-box"><svg style="display:block;" focusable="false" aria-hidden="true" xmlns="http://www.w3.org/2000/svg" width="100%" height="100%" viewBox="-6 -5 40 40"><path class="the_champ_svg_stroke the_champ_no_fill" stroke="#fff" stroke-width="2" fill="none" d="M 11.579798566743314 24.396926207859085 A 10 10 0 1 0 6.808479557110079 20.73576436351046"></path><path d="M 7 19 l -1 6 l 6 -1" class="the_champ_no_fill the_champ_svg_stroke" stroke="#fff" stroke-width="2" fill="none"></path><path d="M 10 10 q -1 8 8 11 c 5 -1 0 -6 -1 -3 q -4 -3 -5 -5 c 4 -2 -1 -5 -1 -4" fill="#fff"></path></svg></span></a><a class="the_champ_more" title="More" rel="nofollow noopener" style="font-size:24px!important;border:0;box-shadow:none;display:inline-block!important;font-size:16px;padding:0 4px;vertical-align: middle;display:inline;" href="http://inserch.ch/index.php/wp-json/wp/v2/pages/2" onclick="event.preventDefault()"><span class="the_champ_svg" style="background-color:#ee8e2d;width:20px;height:20px;margin:0;display:inline-block!important;opacity:1;float:left;font-size:32px!important;box-shadow:none;display:inline-block;font-size:16px;padding:0 4px;vertical-align:middle;display:inline;background-repeat:repeat;overflow:hidden;padding:0;cursor:pointer;box-sizing:content-box;" onclick="theChampMoreSharingPopup(this, 'http://inserch.ch/index.php/wp-json/wp/v2/pages/2', 'INSERCH%20-%20Enqu%C3%AAte%20interinstitutionnelle%20sur%20l%E2%80%99insertion%20professionnelle%20des%20nouvelles%20et%20nouveaux%20dipl%C3%B4m%C3%A9%C2%B7e%C2%B7s%20en%20enseignement', '' )"><svg xmlns="http://www.w3.org/2000/svg" xmlns:xlink="http://www.w3.org/1999/xlink" viewBox="-.3 0 32 32" version="1.1" width="100%" height="100%" style="display:block;" xml:space="preserve"><g><path fill="#fff" d="M18 14V8h-4v6H8v4h6v6h4v-6h6v-4h-6z" fill-rule="evenodd"></path></g></svg></span></a></div></div>
